t common divisor of 66 and 89826.
66
Calculate the greatest common factor of 2132 and 520.
52
What is the highest common divisor of 13498 and 578?
34
What is the greatest common factor of 1086616 and 666?
74
What is the highest common divisor of 24 and 82968?
24
What is the greatest common factor of 165 and 45155?
55
Calculate the highest common divisor of 146965 and 34.
17
Calculate the highest common factor of 8 and 587536.
8
Calculate the highest common divisor of 4102 and 10143.
7
What is the highest common divisor of 6557 and 2739?
83
Calculate the greatest common factor of 1607138 and 130.
26
Calculate the highest common divisor of 578500 and 650.
650
What is the highest common factor of 1248 and 1098864?
624
What is the greatest common factor of 385335 and 45?
45
Calculate the highest common factor of 112 and 3504.
16
Calculate the greatest common factor of 132 and 326766.
66
Calculate the highest common factor of 11664 and 2724.
12
Calculate the highest common divisor of 81491 and 2641.
19
Calculate the highest common factor of 10961 and 3955.
113
What is the greatest common divisor of 1158 and 46938?
6
Calculate the greatest common factor of 98912 and 44.
44
Calculate the greatest common divisor of 40184 and 2976.
8
Calculate the greatest common factor of 18228 and 432.
12
What is the highest common divisor of 36 and 12300?
12
What is the highest common factor of 50 and 9112150?
50
What is the highest common divisor of 5800 and 5000?
200
What is the highest common divisor of 216 and 63?
9
What is the highest common factor of 221287 and 11?
11
What is the greatest common divisor of 920 and 324208?
184
What is the highest common factor of 4 and 3061380?
4
What is the greatest common factor of 233798 and 139?
139
What is the greatest common divisor of 322 and 235382?
322
Calculate the highest common factor of 14 and 833182.
14
Calculate the greatest common divisor of 35035 and 245.
245
What is the highest common factor of 218 and 561786?
218
What is the highest common divisor of 18 and 1101?
3
Calculate the greatest common factor of 7208 and 255.
17
Calculate the greatest common divisor of 12375 and 300375.
1125
Calculate the highest common factor of 81 and 265788.
27
What is the greatest common divisor of 4 and 303244?
4
Calculate the highest common factor of 1398 and 5825.
233
Calculate the highest common factor of 9145 and 2480.
155
What is the highest common factor of 3930 and 384354?
786
What is the greatest common divisor of 2340 and 3620?
20
What is the greatest common divisor of 1836 and 136?
68
What is the greatest common divisor of 1836 and 1284?
12
What is the greatest common divisor of 26378 and 4840?
242
Calculate the highest common factor of 91043 and 181.
181
Calculate the highest common factor of 16 and 1420.
4
Calculate the highest common factor of 2696 and 21064.
8
What is the highest common factor of 946 and 4246?
22
Calculate the greatest common factor of 2 and 36728.
2
Calculate the highest common divisor of 11500 and 82340.
460
Calculate the greatest common divisor of 1702 and 1850.
74
What is the highest common divisor of 407 and 193204?
11
Calculate the greatest common divisor of 369 and 891873.
369
Calculate the highest common factor of 1287729 and 2587.
199
What is the greatest common factor of 114095 and 70?
5
What is the highest common divisor of 469 and 210?
7
Calculate the highest common divisor of 133 and 57703.
19
What is the greatest common divisor of 10 and 32036?
2
Calculate the greatest common divisor of 26001 and 95658.
321
Calculate the highest common factor of 2762309 and 363.
121
What is the highest common divisor of 31 and 706831?
31
What is the highest common factor of 208 and 5096?
104
What is the highest common factor of 738 and 198?
18
Calculate the greatest common factor of 58 and 418963.
29
What is the greatest common divisor of 264177 and 14775?
591
What is the greatest common divisor of 3131 and 961?
31
Calculate the highest common divisor of 1311016 and 205.
41
What is the greatest common factor of 737 and 66869?
11
Calculate the highest common factor of 6312 and 120.
24
What is the greatest common factor of 513 and 337581?
27
What is the greatest common divisor of 311623 and 13?
13
Calculate the greatest common factor of 147183 and 71.
71
Calculate the highest common divisor of 83285 and 5.
5
What is the highest common factor of 3245 and 30680?
295
Calculate the highest common factor of 506 and 7337.
253
What is the greatest common divisor of 2485 and 51120?
355
What is the highest common factor of 2700 and 1948?
4
What is the greatest common factor of 399 and 12939?
57
What is the greatest common factor of 33050 and 50?
50
What is the greatest common divisor of 35 and 2065?
35
Calculate the highest common divisor of 4697 and 2156.
77
Calculate the greatest common factor of 1128 and 5352.
24
Calculate the highest common divisor of 15990 and 650.
130
What is the greatest common divisor of 6475 and 348600?
175
Calculate the highest common divisor of 290 and 30190.
10
What is the highest common divisor of 28 and 63140?
28
What is the highest common factor of 70594 and 1128?
94
What is the highest common factor of 58 and 1234037?
29
Calculate the highest common divisor of 220 and 109010.
110
What is the highest common factor of 6027 and 5412?
123
Calculate the highest common divisor of 1634 and 450167.
817
Calculate the highest common divisor of 890 and 979.
89
Calculate the greatest common factor of 272 and 500.
4
Calculate the greatest common factor of 651 and 15099.
21
Calculate the greatest common factor of 785 and 390145.
785
What is the greatest common divisor of 5397 and 8001?
21
Calculate the greatest common factor of 244320 and 2560.
160
What is the highest common divisor of 74955 and 285?
285
What is the greatest common divisor of 7335 and 735?
15
Calculate the highest common divisor of 965 and 159997.
193
Calculate the greatest common divisor of 17172 and 15228.
324
Calculate the highest common divisor of 300 and 3572150.
50
What is the greatest common divisor of 2745 and 612?
9
Calculate the highest common factor of 14938 and 7954.
194
What is the highest common factor of 481599 and 36?
9
Calculate the greatest common divisor of 8151 and 341601.
741
What is the greatest common divisor of 21 and 82236?
21
What is the greatest common factor of 58618 and 54194?
1106
What is the highest common divisor of 3569 and 4472?
43
Calculate the greatest common factor of 69 and 1641.
3
Calculate the highest common divisor of 729 and 66744.
81
What is the highest common divisor of 297896 and 184?
184
Calculate the greatest common factor of 77049 and 1449.
63
What is the highest common divisor of 167228 and 5044?
388
Calculate the greatest common factor of 225 and 164295.
45
What is the greatest common factor of 343 and 2527?
7
What is the highest common factor of 650088 and 72?
72
Calculate the highest common factor of 4066 and 1368.
38
Calculate the greatest common factor of 42 and 14334.
6
What is the greatest common factor of 3397130 and 5874?
1958
Calculate the greatest common divisor of 18586 and 28.
2
Calculate the highest common factor of 1416 and 3826976.
472
Calculate the highest common divisor of 2786 and 441.
7
What is the greatest common factor of 196 and 1596812?
196
What is the greatest common divisor of 20713 and 341?
11
Calculate the greatest common factor of 89 and 370863.
89
Calculate the highest common divisor of 5488 and 176.
16
What is the greatest common divisor of 94419 and 52?
13
Calculate the greatest common divisor of 2703454 and 13.
13
Calculate the highest common divisor of 3300 and 15125.
275
What is the greatest common factor of 864 and 59751?
27
What is the greatest common divisor of 69271 and 53?
53
What is the greatest common factor of 645 and 2303080?
215
Calculate the greatest common divisor of 111856 and 16.
16
Calculate the greatest common divisor of 288 and 80532.
36
What is the highest common divisor of 3976 and 56800?
568
Calculate the greatest common factor of 68916 and 60.
12
What is the highest common divisor of 290 and 725696?
58
Calculate the highest common divisor of 259 and 1929809.
259
What is the greatest common factor of 190 and 1039490?
19